{"id":160,"date":"2013-06-06T08:41:53","date_gmt":"2013-06-06T07:41:53","guid":{"rendered":"http:\/\/www.horsesense.fr\/?page_id=160"},"modified":"2024-05-26T15:59:23","modified_gmt":"2024-05-26T13:59:23","slug":"actualites","status":"publish","type":"page","link":"https:\/\/www.saskiacheval.com\/horsesense\/actualites\/","title":{"rendered":"Actualit\u00e9s 2024"},"content":{"rendered":"<blockquote><p><b style=\"color: #5493c3;\">Formation coaching \u00e9quin du\u00a0<strong><b>07 <\/b><\/strong>au<strong><b> 10 juin 2024 puis 05 et 06 octobre 2024<\/b><\/strong><\/b><\/p><\/blockquote>\n<p>Nous proposons une formation coaching avec les chevaux en deux modules. Notez-les d\u00e8s maintenant !<\/p>\n<p>Plus de d\u00e9tails : <a href=\"http:\/\/www.horsesense.fr\/formation\" target=\"_blank\" rel=\"noopener noreferrer\">www.horsesense.fr\/formation<\/a><\/p>\n<p><span style=\"color: #5493c3;\"><strong>Visite en France de Linda Kohanov<br \/>\n<\/strong><\/span><\/p>\n<p style=\"text-align: justify;\"><a href=\"https:\/\/i0.wp.com\/www.saskiacheval.com\/horsesense\/wp-content\/uploads\/2013\/06\/Linda-KohanovLR.jpg?ssl=1\"><img data-recalc-dims=\"1\" loading=\"lazy\" decoding=\"async\" class=\"alignleft size-thumbnail wp-image-895\" src=\"https:\/\/i0.wp.com\/www.saskiacheval.com\/horsesense\/wp-content\/uploads\/2013\/06\/Linda-KohanovLR.jpg?resize=150%2C150&#038;ssl=1\" alt=\"Linda KohanovLR\" width=\"150\" height=\"150\" srcset=\"https:\/\/i0.wp.com\/www.saskiacheval.com\/horsesense\/wp-content\/uploads\/2013\/06\/Linda-KohanovLR.jpg?resize=150%2C150&amp;ssl=1 150w, https:\/\/i0.wp.com\/www.saskiacheval.com\/horsesense\/wp-content\/uploads\/2013\/06\/Linda-KohanovLR.jpg?zoom=2&amp;resize=150%2C150&amp;ssl=1 300w, https:\/\/i0.wp.com\/www.saskiacheval.com\/horsesense\/wp-content\/uploads\/2013\/06\/Linda-KohanovLR.jpg?zoom=3&amp;resize=150%2C150&amp;ssl=1 450w\" sizes=\"auto, (max-width: 150px) 100vw, 150px\" \/><\/a>Linda avec une jeune pouliche qui n\u2019avait jamais travaill\u00e9 dans un rond de longe. Un beau travail de confiance et de respect. Linda est venue en France \u00e0 l\u2019occasion de la sortie de ses livres en fran\u00e7ais et a pass\u00e9 quelques jours avec les instructeurs EPONAQUEST Fran\u00e7ais pour partager ses derni\u00e8res r\u00e9flexions et travaux en vue de son prochain ouvrage. Nous avons pu exp\u00e9rimenter et nous perfectionner sur le leadership au travers des r\u00f4les identifi\u00e9s aupr\u00e8s des chevaux: LEADER \u2013 DOMINANT \u2013 SENTINELLE \u2013 COMPAGNON.<\/p>\n<p>&nbsp;<br \/>&nbsp;<\/p>\n<p><span style=\"color: #5493c3;\"><strong>Le nouveau livre de Linda Kohanov<br \/>\n<\/strong><\/span><\/p>\n<p style=\"text-align: justify;\">Entreten<a href=\"https:\/\/i0.wp.com\/www.saskiacheval.com\/horsesense\/wp-content\/uploads\/2013\/06\/photo-livre-power-herd-french.jpg?ssl=1\"><img data-recalc-dims=\"1\" loading=\"lazy\" decoding=\"async\" class=\"alignleft wp-image-870 size-thumbnail\" src=\"https:\/\/i0.wp.com\/www.saskiacheval.com\/horsesense\/wp-content\/uploads\/2013\/06\/photo-livre-power-herd-french.jpg?resize=150%2C150&#038;ssl=1\" alt=\"photo livre power herd french\" width=\"150\" height=\"150\" \/><\/a>ir des relations harmonieuses, mieux g\u00e9rer les jeux de pouvoir, comprendre et s\u2019appliquer \u00e0 soi, l&rsquo;art de l&rsquo;agilit\u00e9 \u00e9motionnelle o\u00f9 les chevaux sont maitres.<br \/>\nDans ce livre, Linda nous fait d\u00e9couvrir comment les chevaux, ces animaux non pr\u00e9dateurs et extr\u00eamement sociaux peuvent nous servir d\u2019exemple dans le domaine relationnel. Coop\u00e9ration, confiance et respect, les chevaux sont &#8230; nos instructeurs.<\/p>\n<p>&nbsp;<br \/>&nbsp;<br \/>\n<span style=\"color: #5493c3;\"><strong>Formation continue HorseSense Allemagne<br \/>\n<\/strong><\/span><\/p>\n<p style=\"text-align: justify;\">Avec le r\u00e9<a href=\"https:\/\/i0.wp.com\/www.horsesense.fr\/wp-content\/uploads\/2014\/10\/DSC00241bis.jpg\"><img data-recalc-dims=\"1\" loading=\"lazy\" decoding=\"async\" class=\"alignleft wp-image-813\" src=\"https:\/\/i0.wp.com\/www.horsesense.fr\/wp-content\/uploads\/2014\/10\/DSC00241bis.jpg?resize=214%2C170\" alt=\"SONY DSC\" width=\"214\" height=\"170\" srcset=\"https:\/\/i0.wp.com\/www.saskiacheval.com\/horsesense\/wp-content\/uploads\/2014\/10\/DSC00241bis.jpg?w=721&amp;ssl=1 721w, https:\/\/i0.wp.com\/www.saskiacheval.com\/horsesense\/wp-content\/uploads\/2014\/10\/DSC00241bis.jpg?resize=300%2C239&amp;ssl=1 300w\" sizes=\"auto, (max-width: 214px) 100vw, 214px\" \/><\/a>seau HorseSense en Allemagne, la formation continue deux fois par an lors des conf\u00e9rences du r\u00e9seau europ\u00e9en. Un s\u00e9minaire riche en \u00e9changes et apprentissages pour continuer \u00e0 progresser et innover en accord avec les exigences de charte de qualit\u00e9 du r\u00e9seau allemand et europ\u00e9en. Cette ann\u00e9e, 3 sujets ont \u00e9t\u00e9 abord\u00e9s:<br \/>\n<strong>L&rsquo;inter culturel<\/strong> en entreprise et la transformation des organisations lors des fusion\/acquisitions.<br \/>\nLa neutralit\u00e9 du cheval par rapport a l&rsquo;origine de la personne et sa langue est impressionnant et tr\u00e8s formateur. \u00c9tant sans jugement, le cheval r\u00e9agit aux \u00e9motions de la personne et \u00e0 son langage corporel.<\/p>\n<p>&nbsp;<br \/>&nbsp;<\/p>\n<p style=\"text-align: justify;\"><strong>Le cheval m\u00e9diateur du couple<\/strong> : comment le cheval devient un \u00e9l\u00e9ment d&rsquo;aide au th\u00e9rapeute dans la th\u00e9rapie de couple<\/p>\n<p style=\"text-align: justify;\"><strong>L&rsquo;accompagnement des grands groupes<\/strong> :<br \/>\nComment organiser un s\u00e9minaire de HorseCoaching avec de grands groupes pour que chaque participant en retire un b\u00e9n\u00e9fice.<\/p>\n<p style=\"text-align: justify;\">Je travaille avec les chevaux depuis des ann\u00e9es et ces 3 jours m&rsquo;ont encore d\u00e9montr\u00e9 la puissance de l&rsquo;interaction avec le cheval comme instructeur et accompagnateur.<\/p>\n<p>Photos du s\u00e9minaire HorseSense en Allemagne, For\u00eat Noire (Septembre 2014):<\/p>\n<p><a href=\"https:\/\/i0.wp.com\/www.horsesense.fr\/wp-content\/uploads\/2014\/10\/DSC00220bis.jpg\"><img data-recalc-dims=\"1\" loading=\"lazy\" decoding=\"async\" class=\"alignleft wp-image-812\" src=\"https:\/\/i0.wp.com\/www.horsesense.fr\/wp-content\/uploads\/2014\/10\/DSC00220bis.jpg?resize=283%2C170\" alt=\"SONY DSC\" width=\"283\" height=\"170\" srcset=\"https:\/\/i0.wp.com\/www.saskiacheval.com\/horsesense\/wp-content\/uploads\/2014\/10\/DSC00220bis.jpg?w=930&amp;ssl=1 930w, https:\/\/i0.wp.com\/www.saskiacheval.com\/horsesense\/wp-content\/uploads\/2014\/10\/DSC00220bis.jpg?resize=768%2C465&amp;ssl=1 768w\" sizes=\"auto, (max-width: 283px) 100vw, 283px\" \/><\/a><a href=\"https:\/\/i0.wp.com\/www.horsesense.fr\/wp-content\/uploads\/2013\/06\/DSC00218bis.jpg\"><img data-recalc-dims=\"1\" loading=\"lazy\" decoding=\"async\" class=\"alignleft wp-image-815\" src=\"https:\/\/i0.wp.com\/www.horsesense.fr\/wp-content\/uploads\/2013\/06\/DSC00218bis.jpg?resize=254%2C171\" alt=\"SONY DSC\" width=\"254\" height=\"171\" srcset=\"https:\/\/i0.wp.com\/www.saskiacheval.com\/horsesense\/wp-content\/uploads\/2013\/06\/DSC00218bis.jpg?w=819&amp;ssl=1 819w, https:\/\/i0.wp.com\/www.saskiacheval.com\/horsesense\/wp-content\/uploads\/2013\/06\/DSC00218bis.jpg?resize=300%2C203&amp;ssl=1 300w, https:\/\/i0.wp.com\/www.saskiacheval.com\/horsesense\/wp-content\/uploads\/2013\/06\/DSC00218bis.jpg?resize=768%2C519&amp;ssl=1 768w\" sizes=\"auto, (max-width: 254px) 100vw, 254px\" \/><\/a><\/p>\n","protected":false},"excerpt":{"rendered":"<p>Formation coaching \u00e9quin du\u00a007 au 10 juin 2024 puis 05 et 06 octobre 2024 Nous proposons une formation coaching avec les chevaux en deux modules. Notez-les d\u00e8s maintenant ! Plus de d\u00e9tails : www.horsesense.fr\/formation&#46;&#46;&#46;<\/p>\n","protected":false},"author":1,"featured_media":0,"parent":0,"menu_order":0,"comment_status":"closed","ping_status":"closed","template":"","meta":{"footnotes":""},"class_list":["post-160","page","type-page","status-publish","hentry"],"aioseo_notices":[],"jetpack_sharing_enabled":true,"_links":{"self":[{"href":"https:\/\/www.saskiacheval.com\/horsesense\/wp-json\/wp\/v2\/pages\/160","targetHints":{"allow":["GET"]}}],"collection":[{"href":"https:\/\/www.saskiacheval.com\/horsesense\/wp-json\/wp\/v2\/pages"}],"about":[{"href":"https:\/\/www.saskiacheval.com\/horsesense\/wp-json\/wp\/v2\/types\/page"}],"author":[{"embeddable":true,"href":"https:\/\/www.saskiacheval.com\/horsesense\/wp-json\/wp\/v2\/users\/1"}],"replies":[{"embeddable":true,"href":"https:\/\/www.saskiacheval.com\/horsesense\/wp-json\/wp\/v2\/comments?post=160"}],"version-history":[{"count":3,"href":"https:\/\/www.saskiacheval.com\/horsesense\/wp-json\/wp\/v2\/pages\/160\/revisions"}],"predecessor-version":[{"id":7023,"href":"https:\/\/www.saskiacheval.com\/horsesense\/wp-json\/wp\/v2\/pages\/160\/revisions\/7023"}],"wp:attachment":[{"href":"https:\/\/www.saskiacheval.com\/horsesense\/wp-json\/wp\/v2\/media?parent=160"}],"curies":[{"name":"wp","href":"https:\/\/api.w.org\/{rel}","templated":true}]}}