{"id":21,"date":"2013-05-30T12:35:52","date_gmt":"2013-05-30T11:35:52","guid":{"rendered":"http:\/\/www.horsesense.fr\/?page_id=21"},"modified":"2024-05-26T14:08:44","modified_gmt":"2024-05-26T12:08:44","slug":"coaching-cheval","status":"publish","type":"page","link":"https:\/\/www.saskiacheval.com\/horsesense\/coaching-cheval\/","title":{"rendered":"Coaching &#038; Cheval"},"content":{"rendered":"<h3><span style=\"color: #5493c3;\">Le cheval au service du coaching<\/span><\/h3>\n<p><span style=\"color: #5493c3;\"><img data-recalc-dims=\"1\" loading=\"lazy\" decoding=\"async\" class=\"alignleft wp-image-327 size-medium\" src=\"https:\/\/i0.wp.com\/www.saskiacheval.com\/horsesense\/wp-content\/uploads\/2013\/05\/photoHS3.png?resize=300%2C162&#038;ssl=1\" alt=\"\" width=\"300\" height=\"162\" srcset=\"https:\/\/i0.wp.com\/www.saskiacheval.com\/horsesense\/wp-content\/uploads\/2013\/05\/photoHS3.png?resize=300%2C162&amp;ssl=1 300w, https:\/\/i0.wp.com\/www.saskiacheval.com\/horsesense\/wp-content\/uploads\/2013\/05\/photoHS3.png?resize=1024%2C552&amp;ssl=1 1024w, https:\/\/i0.wp.com\/www.saskiacheval.com\/horsesense\/wp-content\/uploads\/2013\/05\/photoHS3.png?resize=768%2C414&amp;ssl=1 768w, https:\/\/i0.wp.com\/www.saskiacheval.com\/horsesense\/wp-content\/uploads\/2013\/05\/photoHS3.png?w=1038&amp;ssl=1 1038w\" sizes=\"auto, (max-width: 300px) 100vw, 300px\" \/><\/span><\/p>\n<p>&nbsp;<\/p>\n<p>&nbsp;<\/p>\n<p>&nbsp;<\/p>\n<p>&nbsp;<\/p>\n<p>&nbsp;<\/p>\n<p><span style=\"color: #5493c3;\"><strong>Notre approche\u00a0du horse coaching et ses principes\u00a0:<\/strong><\/span><\/p>\n<p><strong>&#8211; Utiliser l\u2019interaction homme-cheval pour\u00a0augmenter notre\u00a0prise de conscience\u00a0de qui nous sommes dans l\u2019interaction<\/strong>. Le cheval peut savoir des choses sur moi que j\u2019ignore et en \u00eatre le miroir.<br \/>\n<span style=\"color: #800000;\"><strong>Principe :<\/strong><\/span> plus je me connais, plus je progresse en efficacit\u00e9.<\/p>\n<p><strong>&#8211; Revisiter ma responsabilit\u00e9 dans mes interactions.<\/strong> Notre hypoth\u00e8se\u00a0: ce qui se vit dans l\u2019instant dans mon exp\u00e9rience avec le cheval, peut \u00eatre\u00a0le reflet de ce qui se passe dans mon quotidien, (r\u00e9p\u00e9tition de comportements, ressentis \u2026) plus sp\u00e9cialement dans mes d\u00e9marches de coop\u00e9ration, d\u2019engagement, d\u2019autorit\u00e9, de management, de leadership\u2026<br \/>\n<span style=\"color: #800000;\"><strong>Principe :<\/strong><\/span> Ici et maintenant, tout est l\u00e0.<\/p>\n<p><strong>&#8211; Identifier et d\u00e9velopper des comportements\/comp\u00e9tences nouvelles.<\/strong> Le cheval permet de prendre conscience de nos comportements gagnants, \u00e0 reproduire et de nos comportements inutiles ou mal dos\u00e9s, \u00e0 faire \u00e9voluer.<br \/>\nIl nous apprend \u00e9galement \u00e0 identifier nos \u00e9motions dans la relation, \u00e0 les comprendre et \u00e0 les g\u00e9rer.<br \/>\nIl nous permet d\u2019exp\u00e9rimenter d\u2019autres mani\u00e8res de faire et d\u2019\u00eatre.<br \/>\n<span style=\"color: #800000;\"><strong>Principe\u00a0:<\/strong> <\/span>progression plus que perfection \u2013 la politique des petits pas.<\/p>\n<h3><span style=\"color: #5493c3;\">Pourquoi le cheval ?<\/span><\/h3>\n<p>&nbsp;<\/p>\n<p><img data-recalc-dims=\"1\" loading=\"lazy\" decoding=\"async\" class=\"alignleft size-medium wp-image-225\" src=\"https:\/\/i0.wp.com\/www.saskiacheval.com\/horsesense\/wp-content\/uploads\/2013\/05\/photoHS1.png?resize=300%2C162&#038;ssl=1\" alt=\"\" width=\"300\" height=\"162\" srcset=\"https:\/\/i0.wp.com\/www.saskiacheval.com\/horsesense\/wp-content\/uploads\/2013\/05\/photoHS1.png?resize=300%2C162&amp;ssl=1 300w, https:\/\/i0.wp.com\/www.saskiacheval.com\/horsesense\/wp-content\/uploads\/2013\/05\/photoHS1.png?resize=1024%2C552&amp;ssl=1 1024w, https:\/\/i0.wp.com\/www.saskiacheval.com\/horsesense\/wp-content\/uploads\/2013\/05\/photoHS1.png?resize=768%2C414&amp;ssl=1 768w, https:\/\/i0.wp.com\/www.saskiacheval.com\/horsesense\/wp-content\/uploads\/2013\/05\/photoHS1.png?w=1038&amp;ssl=1 1038w\" sizes=\"auto, (max-width: 300px) 100vw, 300px\" \/>Animal de proie, son principal objectif est conserver la vie, donc d\u2019assurer sa s\u00e9curit\u00e9.<br \/>\nSon mode d\u2019organisation collective fait du cheval un membre au service du groupe, afin d\u2019assurer la sauvegarde du troupeau en cas de risque.<br \/>\nLes chevaux se r\u00e9partissent les r\u00f4les en fonction de leur capacit\u00e9, dans un rapport de responsabilit\u00e9 r\u00e9ciproque qui induit une relation de type\u00a0\u00abcoop\u00e9ration\u00bb et non une relation de domination.<br \/>\nD\u00e8s qu\u2019il y a doute, ils se testent et se confrontent\u00a0afin de retrouver leur place et leur fonction reconnue par les autres.<br \/>\nAfin d\u2019assurer sa survie, le cheval a d\u00e9velopp\u00e9\u00a0des qualit\u00e9s de perception et r\u00e9ceptivit\u00e9 hors du commun qui lui permettent de r\u00e9pondre aux changements les plus subtils qu\u2019il per\u00e7oit de son environnement.<br \/>\nCe sont ces qualit\u00e9s sensorielles sans pareilles que nous allons utiliser dans le cadre du horse coaching.<br \/>\nLe cheval est un v\u00e9ritable expert de la communication\u00a0: Spontan\u00e9 et authentique, il agit comme un miroir fid\u00e8le de qui nous sommes.<br \/>\nPlus de 70% de notre communication est non verbale\u00a0: le cheval sait d\u00e9crypter\u00a0nos\u00a0comportements, intentions, sensations corporelles, \u00e9motions, et\u00a0r\u00e9agit instantan\u00e9ment\u00a0: Son langage non verbal imm\u00e9diat est \u00e0 croire \u00ab\u00a0sur parole\u00a0\u00bb et nous permet des corrections dans l\u2019instant.<br \/>\nSon feedback nous permet de mettre en lumi\u00e8re des \u00e9l\u00e9ments positifs et\u00a0d\u2019autres \u00e0 faire \u00e9voluer, afin d\u2019\u00eatre plus efficace\u00a0dans la vie professionnelle et personnelle,\u00a0sur des sujets comme la relation,\u00a0la coop\u00e9ration, l\u2019engagement, notre style de communication et d\u2019autorit\u00e9, etc.<\/p>\n","protected":false},"excerpt":{"rendered":"<p>Le cheval au service du coaching &nbsp; &nbsp; &nbsp; &nbsp; &nbsp; Notre approche\u00a0du horse coaching et ses principes\u00a0: &#8211; Utiliser l\u2019interaction homme-cheval pour\u00a0augmenter notre\u00a0prise de conscience\u00a0de qui nous sommes dans l\u2019interaction. Le cheval peut&#46;&#46;&#46;<\/p>\n","protected":false},"author":1,"featured_media":0,"parent":0,"menu_order":3,"comment_status":"closed","ping_status":"closed","template":"","meta":{"footnotes":""},"class_list":["post-21","page","type-page","status-publish","hentry"],"aioseo_notices":[],"jetpack_sharing_enabled":true,"_links":{"self":[{"href":"https:\/\/www.saskiacheval.com\/horsesense\/wp-json\/wp\/v2\/pages\/21","targetHints":{"allow":["GET"]}}],"collection":[{"href":"https:\/\/www.saskiacheval.com\/horsesense\/wp-json\/wp\/v2\/pages"}],"about":[{"href":"https:\/\/www.saskiacheval.com\/horsesense\/wp-json\/wp\/v2\/types\/page"}],"author":[{"embeddable":true,"href":"https:\/\/www.saskiacheval.com\/horsesense\/wp-json\/wp\/v2\/users\/1"}],"replies":[{"embeddable":true,"href":"https:\/\/www.saskiacheval.com\/horsesense\/wp-json\/wp\/v2\/comments?post=21"}],"version-history":[{"count":3,"href":"https:\/\/www.saskiacheval.com\/horsesense\/wp-json\/wp\/v2\/pages\/21\/revisions"}],"predecessor-version":[{"id":7003,"href":"https:\/\/www.saskiacheval.com\/horsesense\/wp-json\/wp\/v2\/pages\/21\/revisions\/7003"}],"wp:attachment":[{"href":"https:\/\/www.saskiacheval.com\/horsesense\/wp-json\/wp\/v2\/media?parent=21"}],"curies":[{"name":"wp","href":"https:\/\/api.w.org\/{rel}","templated":true}]}}