{"id":53,"date":"2013-05-30T13:30:46","date_gmt":"2013-05-30T12:30:46","guid":{"rendered":"http:\/\/www.horsesense.fr\/?page_id=53"},"modified":"2024-05-26T16:00:07","modified_gmt":"2024-05-26T14:00:07","slug":"contact","status":"publish","type":"page","link":"https:\/\/www.saskiacheval.com\/horsesense\/contact\/","title":{"rendered":"Contact"},"content":{"rendered":"<p>Nous intervenons dans nos sites privil\u00e9gi\u00e9s situ\u00e9s en Yvelines, Bourgogne et dans le Sud Ouest ou chez un de nos partenaires pr\u00e8s de chez vous.<\/p>\n<p>Vous \u00eates interess\u00e9s ? Vous avez des questions ? contactez nous par e-mail <a href=\"mailto:info@horsesense.fr\" target=\"_blank\" rel=\"noopener\">info[at]horsesense.fr<\/a> ou <a href=\"mailto:saskia@wiys.fr\" target=\"_blank\" rel=\"noopener\">saskia[at]wiys.fr<\/a><\/p>\n<p>Adresse postale\u00a0:<br \/>\n8 bis, boulevard Victor-Hugo<br \/>\n78100 Saint-Germain-en-Laye<\/p>\n<p>&nbsp;<\/p>\n<p>&nbsp;<\/p>\n<h1 class=\"entry-title\">Mentions l\u00e9gales<\/h1>\n<div class=\"entry-content\">\n<p align=\"JUSTIFY\"><span lang=\"fr-MA\">Responsable du site: Saskia Machaczek, earl saskia cheval, Les Ev\u00eaques, 89130 Fontaines, T\u00e9l: 0675144872<br \/>\nRCS Auxerre 511 637 803<br \/>\nH\u00e9bergeur: Online.net, Online SAS \u2013 BP 438 \u2013 75366 Paris CEDEX 08 \u2013 RCS Paris B 433 115 904<br \/>\nConform\u00e9ment aux dispositions de la loi du 6 janvier 1978 relative aux fichiers, \u00e0 l\u2019informatique et aux libert\u00e9s, nos clients disposent d\u2019un droit d\u2019acc\u00e8s, de rectification et d\u2019opposition aux donn\u00e9es personnelles les concernant. Ce droit s\u2019exerce aupr\u00e8s de\u00a0: Saskia Machaczek<br \/>\nLIMITATION DE RESPONSABILIT\u00c9<br \/>\nCe Site comporte des informations mises \u00e0 disposition par des liens hypertextes vers d\u2019autres sites qui n\u2019ont pas \u00e9t\u00e9 d\u00e9velopp\u00e9s par le Saskia Machaczek. Le contenu mis \u00e0 disposition sur le site est fourni \u00e0 titre informatif. L\u2019existence d\u2019un lien de ce site vers un autre site ne constitue pas une validation de ce site ou de son contenu. Il appartient \u00e0 l\u2019internaute d\u2019utiliser ces informations avec discernement et esprit critique. La responsabilit\u00e9 de\u00a0Saskia Machaczek ne saurait \u00eatre engag\u00e9e du fait aux informations, opinions et recommandations formul\u00e9es par des tiers. Il est interdit de publier, reproduire, ou rediffuser de quelques mani\u00e8re que ce soit tout ou partie du contenu de ce site, qu\u2019il soit sous forme de r\u00e9dactionnel, de graphique ou d\u2019image, sans l\u2019autorisation expresse de la soci\u00e9t\u00e9 earl saskia cheval.<\/span><\/p>\n<\/div>\n<p>&nbsp;<\/p>\n<p>Conditions pour l&rsquo;inscription \u00e0 la formation:<br \/>\nPrix de la formation<br \/>\nApr\u00e8s acceptation de votre candidature pour la formation, vous pouvez faire un virement bancaire (RIB sur demande) de 20% du prix de la formation pour r\u00e9server votre place.<br \/>\nLa moiti\u00e9 des frais de participation doivent \u00eatre pay\u00e9s au plus tard 6 semaines avant le d\u00e9but du s\u00e9minaire et la diff\u00e9rence au plus tard 14 jours avant la formation.<\/p>\n<p>Annulation par HorseSense\u00ae<br \/>\nLes formateurs de HorseSense\u00ae sont autoris\u00e9s \u00e0 r\u00e9silier le contrat de formation sans pr\u00e9avis si les frais de participation n&rsquo;ont pas \u00e9t\u00e9 pay\u00e9s dans le d\u00e9lai. HorseSense\u00ae est autoris\u00e9 \u00e0 se retirer du contrat si par exemple, la formation pr\u00e9vue n&rsquo;atteint pas le nombre suffisant de participants ou pour une autre raison importante (telle que la maladie du responsable du s\u00e9minaire). Dans ce cas, nous vous informerons par e-mail ou par t\u00e9l\u00e9phone et vous proposerons une date alternative. HorseSense\u00ae ne couvre pas les frais d&rsquo;h\u00f4tel ou d&rsquo;annulation de vol\/train en cas d&rsquo;annulation du s\u00e9minaire par HorseSense\u00ae. Si le nombre de participants est en dessous de 4, nous nous r\u00e9servons la possibilit\u00e9 d\u2019annuler la formation et de vous proposer une autre date ou r\u00e9duire le nombre de formateurs pour la formation. Si la nouvelle date ne vous convient pas, vous \u00eates rembours\u00e9 dans l\u2019int\u00e9gralit\u00e9.<br \/>\nSi vous ne pouvez pas participer \u00e0 la formation que vous avez r\u00e9serv\u00e9e et si vous nous communiquez cette d\u00e9cision au minimum 45 jours avant le premier jour du s\u00e9minaire par \u00e9crit (mail ou courrier), votre participation pourra \u00eatre report\u00e9e \u00e0 une autre date propos\u00e9e par HorseSense\u00ae sans frais compl\u00e9mentaires. Si vous annulez entre 14 et 45 jours avant le d\u00e9but du s\u00e9minaire, HorseSense\u00ae remboursera 50% des frais du s\u00e9minaire, en cas d&rsquo;annulation ult\u00e9rieure, aucun montant ne sera rembours\u00e9. Un rempla\u00e7ant peut \u00eatre signal\u00e9 \u00e0 tout moment pour la formation annul\u00e9e. Si un participant ne vient pas \u00e0 la formation enti\u00e8re, la partie inutilis\u00e9e n&rsquo;est pas remboursable. Une maladie du participant ne donne pas droit \u00e0 un retrait ou \u00e0 une annulation gratuit.<\/p>\n<p>Responsabilit\u00e9 du participant<br \/>\nLe participant reconna\u00eet qu&rsquo;il \/ elle est pleinement responsable de sa sant\u00e9 physique et mentale pendant la formation. Pour toutes les interactions et les exercices pratiques, un animateur de formation sera pr\u00e9sent. Le responsable de la formation a le droit d&rsquo;annuler un exercice \u00e0 tout moment. Chaque participant est responsable de l&rsquo;aptitude physique et psychologique au s\u00e9minaire. Pour un traitement m\u00e9dical permanent d\u00fb \u00e0 une maladie physique ou mentale, veuillez fournir un certificat du m\u00e9decin traitant concernant votre capacit\u00e9 \u00e0 participer. \u00c9tant donn\u00e9 que le d\u00e9veloppement de la personnalit\u00e9 et la formation sont un processus qui d\u00e9pend en grande partie de la participation et de la r\u00e9flexion du participant, et que les s\u00e9minaires et formations servent uniquement de support et de soutien aux processus, les responsables du s\u00e9minaire ne garantissent aucun succ\u00e8s.<\/p>\n","protected":false},"excerpt":{"rendered":"<p>Nous intervenons dans nos sites privil\u00e9gi\u00e9s situ\u00e9s en Yvelines, Bourgogne et dans le Sud Ouest ou chez un de nos partenaires pr\u00e8s de chez vous. Vous \u00eates interess\u00e9s ? Vous avez des questions ?&#46;&#46;&#46;<\/p>\n","protected":false},"author":1,"featured_media":0,"parent":0,"menu_order":10,"comment_status":"closed","ping_status":"closed","template":"","meta":{"footnotes":""},"class_list":["post-53","page","type-page","status-publish","hentry"],"aioseo_notices":[],"jetpack_sharing_enabled":true,"_links":{"self":[{"href":"https:\/\/www.saskiacheval.com\/horsesense\/wp-json\/wp\/v2\/pages\/53","targetHints":{"allow":["GET"]}}],"collection":[{"href":"https:\/\/www.saskiacheval.com\/horsesense\/wp-json\/wp\/v2\/pages"}],"about":[{"href":"https:\/\/www.saskiacheval.com\/horsesense\/wp-json\/wp\/v2\/types\/page"}],"author":[{"embeddable":true,"href":"https:\/\/www.saskiacheval.com\/horsesense\/wp-json\/wp\/v2\/users\/1"}],"replies":[{"embeddable":true,"href":"https:\/\/www.saskiacheval.com\/horsesense\/wp-json\/wp\/v2\/comments?post=53"}],"version-history":[{"count":1,"href":"https:\/\/www.saskiacheval.com\/horsesense\/wp-json\/wp\/v2\/pages\/53\/revisions"}],"predecessor-version":[{"id":7024,"href":"https:\/\/www.saskiacheval.com\/horsesense\/wp-json\/wp\/v2\/pages\/53\/revisions\/7024"}],"wp:attachment":[{"href":"https:\/\/www.saskiacheval.com\/horsesense\/wp-json\/wp\/v2\/media?parent=53"}],"curies":[{"name":"wp","href":"https:\/\/api.w.org\/{rel}","templated":true}]}}